osite?
True
Let u(d) = 14*d + 17. Is u(3) composite?
False
Is -3 - 2/(10/(-14245)) prime?
False
Let o(c) = 6*c**2 + 11*c - 72. Is o(7) a prime number?
False
Let r(h) = -h + 2. Let c be r(-3). Suppose 4*t - 5*a - 648 = 0, c*t - 54 = 4*a + 747. Is t a prime number?
True
Suppose 0 = -w + 3*w + 30. Let f be (2 + w/6)*-6. Suppose c + x + 0 = 15, 4*c - f*x = 25. Is c composite?
True
Let d be (-861)/(-6) + (-1)/2. Let p = -54 + d. Is p a composite number?
False
Let l = -2 - -2. Let b(v) be the second derivative of -v**4/12 + 19*v**2/2 + v. Is b(l) prime?
True
Suppose -d = -5*p + 1850, -2*p - 2*d + d + 740 = 0. Suppose -5*r + p + 400 = c, r = 4*c + 175. Is r composite?
True
Let k = 31 + -16. Is k composite?
True
Let o = -108 - -607. Is o a composite number?
False
Let v(g) be the second derivative of -3*g**5/20 + 5*g**4/12 + g**3/2 - g**2 + 3*g. Is v(-3) a composite number?
True
Suppose 2*u + 8 = -2*u. Is 74*u/(8/(-2)) a composite number?
False
Let r(q) = 37*q**2 + q - 1. Suppose 4*w + t + 3 = 8, 5*w - 2*t = 3. Is r(w) a composite number?
False
Is 1215 - 6*5/15 prime?
True
Suppose -175 = -3*g + 530. Is g prime?
False
Let i = -562 - -1713. Is i a composite number?
False
Let l be 2/(1 - 0) - -7. Let w = l - 6. Suppose 5*m = -w*v + 1, m + 0*v - 5 = v. Is m prime?
True
Suppose 0*h - 4*h + 4*s = -872, 2*h - 451 = -s. Is h composite?
False
Let a = 2 - -3. Suppose -2*l + 3 = -v, -v - 14 = -a*l + 4. Is v a composite number?
False
Let v = -4 - -2. Let z be (v/(-2))/1 - 2. Is (-194)/(-6)*(-3)/z prime?
True
Let s = 668 - 477. Is s a composite number?
False
Let y(s) = -56*s - 4 - 15*s - 25*s + 12*s. Let m be y(-4). Let n = -219 + m. Is n composite?
False
Let j(y) = 10*y**2 - 11*y - 14. Is j(-7) a composite number?
True
Is (-12)/15 + (-6156)/(-20) a composite number?
False
Suppose -3*g - 139 = 2*v - 2830, -2*g - 4*v + 1786 = 0. Is g prime?
False
Let k = 1 + -1. Suppose k*m + m = 83. Is m composite?
False
Is 12/4 + 14*22 a composite number?
False
Suppose -3*k - k = -8. Suppose k*c + 18 = 5*c. Is (-3)/(c/178)*-1 a composite number?
False
Let v(t) = -t**3 + 10*t**2 - 6*t - 6. Let q(k) = 3*k**3 - 31*k**2 + 18*k + 17. Let a(c) = 2*q(c) + 7*v(c). Let h be a(7). Is (0 - h)/(1/59) a composite number?
False
Suppose -18*u = -19*u. Suppose -2*r = -0*r. Suppose 2*d + u*d - 262 = r. Is d composite?
False
Is 3 + -5 + 1 + 192 a composite number?
False
Suppose -4*r - v + 4*v + 17 = 0, -3*r + 5*v = -10. Suppose -3*q = -t + 48, t + 5*q = r*t - 157. Is t a prime number?
False
Suppose 6*g - 9*g + 16530 = 0. Suppose -5*r - 5*k = -g + 2175, 2001 = 3*r - 5*k. Is r composite?
True
Suppose 3 = 3*r + 12, 0 = -w + 3*r + 452. Is w a composite number?
False
Suppose 0 = -3*d + 5778 - 1461. Is d composite?
False
Let u be 4/((-6 + 0)/(-3)). Is -2757*(u + 1)/(-9) a composite number?
False
Suppose 4*k = -k + 25, 0 = q + 4*k - 103. Is q composite?
False
Let s(h) = 3*h**2 + 4*h + 16. Is s(-13) composite?
True
Suppose -2*q + 0 - 2 = -3*t, 0 = 4*q - t - 6. Let j = 0 + q. Is (-59)/(j*(-1)/2) prime?
True
Suppose 2*z + 226 = -102. Let w = z + 375. Is w a composite number?
False
Suppose w - 3*w + 24 = 0. Suppose -w = 2*c - 4*c. Let t(l) = 2*l - 2. Is t(c) a composite number?
True
Let f(g) = -10*g**3 - g**2 + 4. Let d be f(-3). Suppose -4*z = z - d. Is z composite?
False
Let z(p) = 9*p**2 - 2*p + 1. Is z(-6) a composite number?
False
Let i(p) = p**3 - 10*p**2 - 12*p + 13. Let m be i(11). Let t(z) = 54*z + 1. Is t(m) a composite number?
False
Suppose -2*u = -h + 141, 3*h = 6*u - 3*u + 411. Is h a prime number?
False
Let t(y) be the second derivative of y**5/20 + y**4/4 - y**3 + y**2 - 2*y. Let w be t(5). Suppose 0 = -6*j + 2*j + w. Is j prime?
True
Let b(c) = 20*c**2 + 3*c + 3. Suppose 3*f + 4 = -l, -5*f = -2*l - 0*l - 19. Let d = 5 + l. Is b(d) a composite number?
True
Suppose -3973 - 852 = -5*c. Is c a prime number?
False
Let a(y) = 4*y - 3. Let z be a(6). Let i be (z/4)/((-2)/8). Is (-1 + i/(-6))*4 a composite number?
True
Suppose 2*i - 170 = -3*a + 7*a, 495 = 5*i + 4*a. Is i composite?
True
Suppose -6 = 2*b + 4*a, 0*a - 15 = 2*b + a. Let t be b/(-3)*(2 + -1). Suppose 0*x = -t*x + 357. Is x a prime number?
False
Suppose -5*k = -4*b - 951, -672 = -3*k - b - 115. Let q = -108 + k. Is q a composite number?
False
Let o(b) = 4 - b**3 + 9*b**2 + 2*b**3 - b**2. Let f be o(-8). Suppose -3*n = -0*n + f*d - 151, -4*n + 216 = -2*d. Is n a composite number?
False
Suppose 4*g = 43 + 1. Is g a composite number?
False
Let h(w) = -w - 1. Let v be h(-2). Suppose v + 8 = 3*t. Suppose 4 + t = s. Is s a composite number?
False
Let y = -2 - -4. Let b = 1 - -4. Suppose 35 = 2*l + y*l + 3*v, -4*l - b*v + 29 = 0. Is l prime?
True
Suppose 4*f - 4*v - 28 = 0, f = -4*f + 3*v + 27. Suppose -f*z - 19 = -2*i, 3*i = 6*i - z - 32. Is i prime?
True
Let p be 8/20 - (-13)/5. Suppose -5*g - p*q = 38, -29 = 4*g + 4*q - 3*q. Is 1 - (-3)/(-1)*g prime?
False
Let f(r) = -8*r + 5. Let h = 22 + -16. Let v = -10 + h. Is f(v) a composite number?
False
Let c be 20/6 + (-1)/3. Let q(v) = 2*v**2 - 2*v - 4. Let u be q(c). Let n = u - -1. Is n composite?
True
Suppose -g + 2 - 3 = 0. Let h = 19 - g. Suppose h - 274 = -2*d. Is d composite?
False
Let w = 2 - 4. Let g = 2 + w. Suppose g = x + 8 - 45. Is x prime?
True
Is 1/(5*(-2)/(-49870)) composite?
False
Let p be (-1 - -4) + 3 + 6. Is -3 - p/(-3) - -216 composite?
True
Is (2 + (-24)/9)*-15 a composite number?
True
Let k = -539 + 3072. Is k prime?
False
Suppose 3*m - a = -23, -m - 39 + 18 = -3*a. Let d(b) = 12*b**2 - 5*b + 3. Let u be d(m). Suppose v = 6*v - u. Is v a prime number?
False
Let x = -105 - -188. Is x composite?
False
Let t(x) be the first derivative of 2*x**3 + 3*x**2/2 + x - 3. Is t(-2) a composite number?
False
Suppose -2*v + 5 = 5*g, 4 = -2*g + 6. Suppose -4*l + 104 + 348 = v. Is l prime?
True
Is 11/(5 + 4032/(-807)) a prime number?
False
Let h(x) = 4*x**2 + 11*x - 4. Is h(9) a prime number?
True
Let q(j) = 2*j**3 + 35*j**2 - 40*j + 22. Is q(-17) a prime number?
True
Suppose 13*n - 11919 = 30344. Is n a prime number?
True
Suppose 5*v = -0*l + 3*l + 2935, 4*v - 2*l - 2348 = 0. Is v prime?
True
Let b(q) = -2*q**3 + 17*q + 19. Is b(-12) a prime number?
True
Let a = -312 + 759. Is a a prime number?
False
Let v = -7 - -6. Let r be 66 - v - (-3 + 1). Suppose -r = -0*j - 3*j. Is j prime?
True
Suppose -3*p - 14 = u, u = -2*p - 14 + 6. Let m(j) = -2*j**3 - 9*j**2 - 7*j - 1. Is m(p) composite?
False
Let l(a) = a**3 + 5*a**2 - 12*a - 4. Let d be l(-9). Let x = -142 - d. Suppose -2*b = -80 - x. Is b a composite number?
False
Let z = 4 - 3. Let a = z - -1. Suppose a = g - 1. Is g prime?
True
Let z = 0 - -4. Suppose -3*r = -5*h + 2*r - 20, -z*h - 14 = -2*r. Is h + (59 - -3) - -3 a composite number?
True
Let d = -15 - 0. Let w = d - -26. Is w composite?
False
Suppose 705 = 2*w - 7*w. Let h = 236 + w. Is h a composite number?
True
Let m(z) = -7*z**3 - z**2 - z - 1. Is m(-2) composite?
False
Let a be 4/(-4)*(0 + 0). Suppose a = -2*b + 10, p + 2*b + 137 = 6*b. Let k = -82 - p. Is k prime?
False
Let c(a) = 2*a**3 - 2*a**2 + 5*a - 2. Let z be c(3). Let s = 1 + -3. Let n = s + z. Is n a composite number?
False
Suppose 2 = 4*x - 3*x. Suppose 0 = -x*j + j + 113. Is j a prime number?
True
Let d(t) = 3*t**2 - 3*t - 4. Let g be d(-6). Let k = g - 78. Suppose -k = -r - 13. Is r a composite number?
False
Suppose 0 = 4*k - 3*k - 757. Is k composite?
False
Suppose -3*y - 4 = -4*c, -y = c - 0*c - 1. Let w = 11 - y. Suppose 5*l + a + a - w = 0, -3*a = l + 3. Is l composite?
False
Let w(p) = 2*p**2 - 4*p + 2. Let q be w(-9). Suppose q + 11 = v. Is v a composite number?
False
Let d = -90 + 93. Is d a prime number?
True
Suppose -2*n = -b - 4*n + 131, -5*n = -b + 159. Is b composite?
False
Let z(p) = -p**2 - 7*p - 6. Let j be z(-5). Suppose 0 = 3*q + a - 431, 0*a - 4*a + 564 = j*q. Is q composite?
True
Let y(m) = m**3 + 8*m**2 + 6*m - 6. Suppose r = 2*z + 18, -3*z + 17 = -6*z - r. Let l be y(z). Is ((-3)/(3/(-127)))/l a composite number?
False
Is (-4)/(-8)*-2*(-222 + -1) a prime number?
True
Let u(b) = -b**2 - 33*b + 7. Is u(-24) a composite number?
False
Suppose 0 = x - 4*x - 24. Let q be ((-334)/(-4))/(4/x). Let o = q + 286. Is o prime?
False
Let k(r) be the first derivative of -26*r**2 + r - 3. Is k(-3) a composite num